{"id":516,"date":"2026-04-09T09:03:10","date_gmt":"2026-04-09T06:03:10","guid":{"rendered":"http:\/\/localhost\/machic\/?post_type=product&#038;p=516"},"modified":"2026-04-11T16:42:02","modified_gmt":"2026-04-11T13:42:02","slug":"regen-sirkulasyon-pompasi","status":"publish","type":"product","link":"https:\/\/super-yapi.com\/?product=regen-sirkulasyon-pompasi","title":{"rendered":"Regen Sirk\u00fclasyon Pompas\u0131"},"content":{"rendered":"<p data-path-to-node=\"7\"><b data-path-to-node=\"7\" data-index-in-node=\"0\">\u00dcr\u00fcn Kodu:<\/b> Sirk\u00fclasyon Pompas\u0131<\/p>\n<p data-path-to-node=\"8\"><b data-path-to-node=\"8\" data-index-in-node=\"0\">Marka:<\/b> Regen<\/p>\n<p data-path-to-node=\"9\"><b data-path-to-node=\"9\" data-index-in-node=\"0\">Kullan\u0131m Amac\u0131:<\/b> Is\u0131tma ve s\u0131cak su sistemlerinde suyun devirdaimini sa\u011flamak amac\u0131yla tasarlanm\u0131\u015f, dayan\u0131kl\u0131 ve uzun \u00f6m\u00fcrl\u00fc sirk\u00fclasyon pompas\u0131d\u0131r. Kompakt yap\u0131s\u0131 sayesinde dar alanlarda kolay montaj imkan\u0131 sunar.<\/p>\n","protected":false},"excerpt":{"rendered":"<ul>\n<li class=\"SpecHighlights-list-label\">\n<p data-path-to-node=\"7\"><b data-path-to-node=\"7\" data-index-in-node=\"0\">\u00dcr\u00fcn Kodu:<\/b> Sirk\u00fclasyon Pompas\u0131<\/p>\n<p data-path-to-node=\"8\"><b data-path-to-node=\"8\" data-index-in-node=\"0\">Marka:<\/b> Regen<\/p>\n<\/li>\n<\/ul>\n","protected":false},"featured_media":2904,"template":"","meta":[],"product_brand":[145],"product_cat":[28],"product_tag":[],"class_list":{"0":"post-516","1":"product","2":"type-product","3":"status-publish","4":"has-post-thumbnail","6":"product_brand-regen","7":"product_cat-sirkulasyon-pompalari","9":"first","10":"instock","11":"shipping-taxable","12":"product-type-simple"},"_links":{"self":[{"href":"https:\/\/super-yapi.com\/index.php?rest_route=\/wp\/v2\/product\/516","targetHints":{"allow":["GET"]}}],"collection":[{"href":"https:\/\/super-yapi.com\/index.php?rest_route=\/wp\/v2\/product"}],"about":[{"href":"https:\/\/super-yapi.com\/index.php?rest_route=\/wp\/v2\/types\/product"}],"wp:featuredmedia":[{"embeddable":true,"href":"https:\/\/super-yapi.com\/index.php?rest_route=\/wp\/v2\/media\/2904"}],"wp:attachment":[{"href":"https:\/\/super-yapi.com\/index.php?rest_route=%2Fwp%2Fv2%2Fmedia&parent=516"}],"wp:term":[{"taxonomy":"product_brand","embeddable":true,"href":"https:\/\/super-yapi.com\/index.php?rest_route=%2Fwp%2Fv2%2Fproduct_brand&post=516"},{"taxonomy":"product_cat","embeddable":true,"href":"https:\/\/super-yapi.com\/index.php?rest_route=%2Fwp%2Fv2%2Fproduct_cat&post=516"},{"taxonomy":"product_tag","embeddable":true,"href":"https:\/\/super-yapi.com\/index.php?rest_route=%2Fwp%2Fv2%2Fproduct_tag&post=516"}],"curies":[{"name":"wp","href":"https:\/\/api.w.org\/{rel}","templated":true}]}}