{"id":465,"date":"2026-04-09T08:43:00","date_gmt":"2026-04-09T05:43:00","guid":{"rendered":"http:\/\/localhost\/machic\/?post_type=product&#038;p=465"},"modified":"2026-04-11T16:43:25","modified_gmt":"2026-04-11T13:43:25","slug":"dogalgaz-su-fancoil-flex","status":"publish","type":"product","link":"https:\/\/super-yapi.com\/?product=dogalgaz-su-fancoil-flex","title":{"rendered":"Do\u011falgaz, Su, Fancoil Flex"},"content":{"rendered":"<p data-path-to-node=\"7\"><b data-path-to-node=\"7\" data-index-in-node=\"0\">\u00dcr\u00fcn Kodu:<\/b> 0001<\/p>\n<p data-path-to-node=\"8\"><b data-path-to-node=\"8\" data-index-in-node=\"0\">Marka:<\/b> Paktermo<\/p>\n<p data-path-to-node=\"9\">Do\u011falgaz tesisatlar\u0131, fancoil ba\u011flant\u0131lar\u0131 ve genel su hatlar\u0131nda g\u00fcvenle kullan\u0131labilen, paslanmaz \u00e7elik yap\u0131l\u0131 esnek ba\u011flant\u0131 eleman\u0131d\u0131r. Y\u00fcksek s\u0131zd\u0131rmazl\u0131k teknolojisi ve montaj kolayl\u0131\u011f\u0131 ile profesyonel projelerde tercih edilir.<\/p>\n<ul>\n<li>Paktermo esnek ba\u011flant\u0131 elemanlar\u0131 (flexler), TS EN standartlar\u0131na uygun olarak \u00fcretilmi\u015f olup korozyona kar\u015f\u0131 maksimum diren\u00e7 sa\u011flar. Titre\u015fimleri s\u00f6n\u00fcmleyen yap\u0131s\u0131 sayesinde tesisat ekipmanlar\u0131n\u0131 korur ve montaj s\u00fcresini k\u0131salt\u0131r.<\/li>\n<\/ul>\n","protected":false},"excerpt":{"rendered":"<p data-path-to-node=\"7\"><b data-path-to-node=\"7\" data-index-in-node=\"0\">\u00dcr\u00fcn Kodu:<\/b> 0001<\/p>\n<p data-path-to-node=\"8\"><b data-path-to-node=\"8\" data-index-in-node=\"0\">Marka:<\/b> Paktermo<\/p>\n","protected":false},"featured_media":2827,"template":"","meta":[],"product_brand":[139],"product_cat":[56],"product_tag":[],"class_list":{"0":"post-465","1":"product","2":"type-product","3":"status-publish","4":"has-post-thumbnail","6":"product_brand-paktermo","7":"product_cat-tesisat-malzemeleri","9":"first","10":"instock","11":"shipping-taxable","12":"product-type-simple"},"_links":{"self":[{"href":"https:\/\/super-yapi.com\/index.php?rest_route=\/wp\/v2\/product\/465","targetHints":{"allow":["GET"]}}],"collection":[{"href":"https:\/\/super-yapi.com\/index.php?rest_route=\/wp\/v2\/product"}],"about":[{"href":"https:\/\/super-yapi.com\/index.php?rest_route=\/wp\/v2\/types\/product"}],"wp:featuredmedia":[{"embeddable":true,"href":"https:\/\/super-yapi.com\/index.php?rest_route=\/wp\/v2\/media\/2827"}],"wp:attachment":[{"href":"https:\/\/super-yapi.com\/index.php?rest_route=%2Fwp%2Fv2%2Fmedia&parent=465"}],"wp:term":[{"taxonomy":"product_brand","embeddable":true,"href":"https:\/\/super-yapi.com\/index.php?rest_route=%2Fwp%2Fv2%2Fproduct_brand&post=465"},{"taxonomy":"product_cat","embeddable":true,"href":"https:\/\/super-yapi.com\/index.php?rest_route=%2Fwp%2Fv2%2Fproduct_cat&post=465"},{"taxonomy":"product_tag","embeddable":true,"href":"https:\/\/super-yapi.com\/index.php?rest_route=%2Fwp%2Fv2%2Fproduct_tag&post=465"}],"curies":[{"name":"wp","href":"https:\/\/api.w.org\/{rel}","templated":true}]}}