{"id":440,"date":"2026-04-09T08:28:37","date_gmt":"2026-04-09T05:28:37","guid":{"rendered":"http:\/\/localhost\/machic\/?post_type=product&#038;p=440"},"modified":"2026-04-11T16:37:15","modified_gmt":"2026-04-11T13:37:15","slug":"sumak-sdf300-drenaj-dalgic-pompa","status":"publish","type":"product","link":"https:\/\/super-yapi.com\/?product=sumak-sdf300-drenaj-dalgic-pompa","title":{"rendered":"Sumak SDF300 Drenaj Dalg\u0131\u00e7 Pompa"},"content":{"rendered":"<p data-path-to-node=\"7\"><b data-path-to-node=\"7\" data-index-in-node=\"0\">\u00dcr\u00fcn Kodu:<\/b> SDF300<\/p>\n<p data-path-to-node=\"8\"><b data-path-to-node=\"8\" data-index-in-node=\"0\">Marka:<\/b> SUMAK<\/p>\n<p data-path-to-node=\"9\"><b data-path-to-node=\"9\" data-index-in-node=\"0\">Performans:<\/b> 0.33 HP g\u00fcc\u00fcyle 6 metre y\u00fcksekli\u011fe kadar su basma kapasitesine sahip, yerli \u00fcretim kaliteli drenaj \u00e7\u00f6z\u00fcm\u00fc. Bodrum kat sular\u0131, asans\u00f6r \u00e7ukurlar\u0131 ve k\u00fc\u00e7\u00fck \u00e7apl\u0131 birikintilerin tahliyesi i\u00e7in idealdir.<\/p>\n<ul>\n<li>Sumak SDF300, kompakt yap\u0131s\u0131 ve y\u00fcksek performans\u0131yla evsel ve hafif end\u00fcstriyel kullan\u0131m i\u00e7in tasarlanm\u0131\u015f bir drenaj pompas\u0131d\u0131r. Otomatik flat\u00f6r\u00fc sayesinde su seviyesine g\u00f6re kendi kendine \u00e7al\u0131\u015f\u0131r ve durur.<\/li>\n<\/ul>\n","protected":false},"excerpt":{"rendered":"<p data-path-to-node=\"7\"><b data-path-to-node=\"7\" data-index-in-node=\"0\">\u00dcr\u00fcn Kodu:<\/b> SDF300<\/p>\n<p data-path-to-node=\"8\"><b data-path-to-node=\"8\" data-index-in-node=\"0\">Marka:<\/b> SUMAK<\/p>\n","protected":false},"featured_media":2845,"template":"","meta":[],"product_brand":[140],"product_cat":[70],"product_tag":[],"class_list":{"0":"post-440","1":"product","2":"type-product","3":"status-publish","4":"has-post-thumbnail","6":"product_brand-sumak","7":"product_cat-dalgic-pompa","9":"first","10":"instock","11":"featured","12":"shipping-taxable","13":"product-type-simple"},"_links":{"self":[{"href":"https:\/\/super-yapi.com\/index.php?rest_route=\/wp\/v2\/product\/440","targetHints":{"allow":["GET"]}}],"collection":[{"href":"https:\/\/super-yapi.com\/index.php?rest_route=\/wp\/v2\/product"}],"about":[{"href":"https:\/\/super-yapi.com\/index.php?rest_route=\/wp\/v2\/types\/product"}],"wp:featuredmedia":[{"embeddable":true,"href":"https:\/\/super-yapi.com\/index.php?rest_route=\/wp\/v2\/media\/2845"}],"wp:attachment":[{"href":"https:\/\/super-yapi.com\/index.php?rest_route=%2Fwp%2Fv2%2Fmedia&parent=440"}],"wp:term":[{"taxonomy":"product_brand","embeddable":true,"href":"https:\/\/super-yapi.com\/index.php?rest_route=%2Fwp%2Fv2%2Fproduct_brand&post=440"},{"taxonomy":"product_cat","embeddable":true,"href":"https:\/\/super-yapi.com\/index.php?rest_route=%2Fwp%2Fv2%2Fproduct_cat&post=440"},{"taxonomy":"product_tag","embeddable":true,"href":"https:\/\/super-yapi.com\/index.php?rest_route=%2Fwp%2Fv2%2Fproduct_tag&post=440"}],"curies":[{"name":"wp","href":"https:\/\/api.w.org\/{rel}","templated":true}]}}